{"id":159,"date":"2018-01-18T12:07:20","date_gmt":"2018-01-18T18:07:20","guid":{"rendered":"http:\/\/localhost\/?page_id=159"},"modified":"2024-01-09T10:07:30","modified_gmt":"2024-01-09T16:07:30","slug":"servicios","status":"publish","type":"page","link":"http:\/\/187.174.252.244\/operadoras\/servicios\/","title":{"rendered":"Servicios"},"content":{"rendered":"<p>&nbsp;<\/p> <table style=\"height: 307px;\" width=\"706\"> <tbody> <tr> <td style=\"width: 350px;\"><a href=\"http:\/\/187.174.252.244\/operadoras\/servicios\/tarifas\/\"><img loading=\"lazy\" decoding=\"async\" class=\"alignnone size-full\" src=\"http:\/\/187.174.252.244\/caev\/Oficinas_Operadoras\/Aarchivos\/pleca_tarif.png\" width=\"283\" height=\"21\" \/><\/a><\/td> <td style=\"width: 350px;\"><a href=\"http:\/\/187.174.252.244\/operadoras\/servicios\/solicitud-de-servicios\/\"><img loading=\"lazy\" decoding=\"async\" class=\"alignnone size-medium\" src=\"http:\/\/187.174.252.244\/caev\/Oficinas_Operadoras\/Aarchivos\/pleca_solicitud_servicios.png\" width=\"283\" height=\"21\" \/><\/a><\/td> <\/tr> <tr> <td style=\"vertical-align: top;\"><span style=\"font-size: small; color: #000000;\">En esta secci\u00f3n se muestran las tablas de las tarifas del servicio de agua vigentes.<\/span><\/td> <td style=\"vertical-align: top;\"><span style=\"font-size: small; color: #000000;\">En esta secci\u00f3n podras descargar el formato para la solicitud de los servicios.<\/span><\/td> <\/tr> <tr> <td><\/td> <td><\/td> <\/tr> <tr> <td><a href=\"http:\/\/187.174.252.244\/operadoras\/servicios\/requisitos-para-contratacion\/\"><img loading=\"lazy\" decoding=\"async\" class=\"alignnone size-medium\" src=\"http:\/\/187.174.252.244\/caev\/Oficinas_Operadoras\/Aarchivos\/pleca_requisit_contrat.png\" width=\"283\" height=\"21\" \/><\/a><\/td> <td><a href=\"http:\/\/187.174.252.244\/operadoras\/servicios\/costos-de-los-servicios\/\"><img loading=\"lazy\" decoding=\"async\" class=\"alignnone size-medium\" src=\"http:\/\/187.174.252.244\/caev\/Oficinas_Operadoras\/Aarchivos\/pleca_costos_serv.png\" width=\"283\" height=\"21\" \/><\/a><\/td> <\/tr> <tr> <td style=\"vertical-align: top;\"><span style=\"font-size: small; color: #000000;\">En esta secci\u00f3n se muestran los requisitos para la contrataci\u00f3n de los servicios.<\/span><\/td> <td style=\"vertical-align: top;\"><span style=\"font-size: small; color: #000000;\">En esta secci\u00f3n se muestra la tabla que contiene la lista de precios de los servicios vigentes.<\/span><\/td> <\/tr> <tr> <td><\/td> <td><\/td> <\/tr> <tr> <td><a href=\"http:\/\/187.174.252.244\/operadoras\/servicios\/cobertura-de-los-servicios\/\"><img loading=\"lazy\" decoding=\"async\" class=\"alignnone size-medium\" src=\"http:\/\/187.174.252.244\/caev\/Oficinas_Operadoras\/Aarchivos\/pleca_cobert_serv.png\" width=\"283\" height=\"21\" \/><\/a><\/td> <td><\/td> <\/tr> <tr> <td style=\"vertical-align: top;\"><span style=\"font-size: small; color: #000000;\">Esta secci\u00f3n muestra la cobertura de la prestaci\u00f3n de los servicios.<\/span><\/td> <td><\/td> <\/tr> <\/tbody> <\/table> <p>&nbsp;<\/p> <p>&nbsp;<\/p> <p>&nbsp;<\/p> <p>&nbsp;<\/p> <p>&nbsp;<\/p> <p style=\"text-align: center;\"><a href=\"http:\/\/187.174.252.244\/operadoras\/\"><img loading=\"lazy\" decoding=\"async\" class=\"alignnone size-medium\" src=\"http:\/\/187.174.252.244\/caev\/Oficinas_Operadoras\/Aarchivos\/home1.png\" width=\"36\" height=\"37\" \/><\/a> <a href=\"http:\/\/187.174.252.244\/operadoras\/\">regresar<\/a><\/p> ","protected":false},"excerpt":{"rendered":"<p>&nbsp; En esta secci\u00f3n se muestran las tablas de las tarifas del servicio de agua vigentes. En esta secci\u00f3n podras descargar el formato para la solicitud de los servicios. En esta secci\u00f3n se muestran los requisitos para la contrataci\u00f3n de los servicios. En esta secci\u00f3n se muestra la tabla que contiene la lista de precios [&hellip;]<\/p>\n","protected":false},"author":1,"featured_media":0,"parent":0,"menu_order":0,"comment_status":"closed","ping_status":"closed","template":"","meta":{"footnotes":""},"class_list":["post-159","page","type-page","status-publish","hentry"],"_links":{"self":[{"href":"http:\/\/187.174.252.244\/operadoras\/wp-json\/wp\/v2\/pages\/159"}],"collection":[{"href":"http:\/\/187.174.252.244\/operadoras\/wp-json\/wp\/v2\/pages"}],"about":[{"href":"http:\/\/187.174.252.244\/operadoras\/wp-json\/wp\/v2\/types\/page"}],"author":[{"embeddable":true,"href":"http:\/\/187.174.252.244\/operadoras\/wp-json\/wp\/v2\/users\/1"}],"replies":[{"embeddable":true,"href":"http:\/\/187.174.252.244\/operadoras\/wp-json\/wp\/v2\/comments?post=159"}],"version-history":[{"count":12,"href":"http:\/\/187.174.252.244\/operadoras\/wp-json\/wp\/v2\/pages\/159\/revisions"}],"predecessor-version":[{"id":54527,"href":"http:\/\/187.174.252.244\/operadoras\/wp-json\/wp\/v2\/pages\/159\/revisions\/54527"}],"wp:attachment":[{"href":"http:\/\/187.174.252.244\/operadoras\/wp-json\/wp\/v2\/media?parent=159"}],"curies":[{"name":"wp","href":"https:\/\/api.w.org\/{rel}","templated":true}]}}