{"id":217,"date":"2018-01-18T14:19:05","date_gmt":"2018-01-18T20:19:05","guid":{"rendered":"http:\/\/localhost\/?page_id=217"},"modified":"2026-03-10T14:11:07","modified_gmt":"2026-03-10T20:11:07","slug":"estructura-organica-y-atribuciones","status":"publish","type":"page","link":"http:\/\/187.174.252.244\/operadoras\/oficina-operadora\/estructura-organica-y-atribuciones\/","title":{"rendered":"Estructura Org\u00e1nica y Atribuciones"},"content":{"rendered":"<table style=\"height: 696px;\" width=\"725\"> <tbody> <tr style=\"height: 24px;\"> <td style=\"width: 250px; background-color: #86163b; height: 24px;\"><span style=\"color: #ffffff;\"><strong>ZONA NORTE<\/strong><\/span><\/td> <td style=\"width: 250px; background-color: #86163b; height: 24px;\"><span style=\"color: #ffffff;\"><strong>ZONA CENTRO<br \/> <\/strong><\/span><\/td> <td style=\"width: 250px; background-color: #86163b; height: 24px;\"><span style=\"color: #ffffff;\"><strong>ZONA SUR<br \/> <\/strong><\/span><\/td> <\/tr> <tr style=\"height: 24px;\"> <td style=\"height: 24px;\">&#8211; <a href=\"http:\/\/187.174.252.244\/operadoras\/oficina-operadora\/estructura-organica-y-atribuciones\/alamo-estructura-organica-y-atribuciones\/\">\u00c1lamo<\/a><\/td> <td style=\"height: 24px;\">&#8211; <a href=\"http:\/\/187.174.252.244\/operadoras\/oficina-operadora\/estructura-organica-y-atribuciones\/altotonga-estructura-organica-y-atribuciones\/\">Altotonga<\/a><\/td> <td style=\"height: 24px;\">&#8211; <a href=\"http:\/\/187.174.252.244\/operadoras\/oficina-operadora\/estructura-organica-y-atribuciones\/acayucan-estructura-organica-y-atribuciones\/\">Acayucan<\/a><\/td> <\/tr> <tr style=\"height: 24px;\"> <td style=\"height: 24px;\">&#8211; <a href=\"http:\/\/187.174.252.244\/operadoras\/oficina-operadora\/estructura-organica-y-atribuciones\/cerro-azul-estructura-organica-y-atribuciones\/\">Cerro Azul<\/a><\/td> <td style=\"height: 24px;\">&#8211; <a href=\"http:\/\/187.174.252.244\/operadoras\/oficina-operadora\/estructura-organica-y-atribuciones\/alvarado-estructura-organica-y-atribuciones\/\">Alvarado<\/a><\/td> <td style=\"height: 24px;\">&#8211; <a href=\"http:\/\/187.174.252.244\/operadoras\/oficina-operadora\/estructura-organica-y-atribuciones\/agua-dulce-estructura-organica-y-atribuciones\/\">Agua Dulce<\/a><\/td> <\/tr> <tr style=\"height: 24px;\"> <td style=\"height: 24px;\">&#8211; <a href=\"http:\/\/187.174.252.244\/operadoras\/oficina-operadora\/estructura-organica-y-atribuciones\/chicontepec-estructura-organica-y-atribuciones\/\">Chicontepec<\/a><\/td> <td style=\"height: 24px;\">&#8211; <a href=\"http:\/\/187.174.252.244\/operadoras\/oficina-operadora\/estructura-organica-y-atribuciones\/chichicaxtle-estructura-organica-y-atribuciones\/\">Chichicaxtle<\/a><\/td> <td style=\"height: 24px;\">&#8211; <a href=\"http:\/\/187.174.252.244\/operadoras\/oficina-operadora\/estructura-organica-y-atribuciones\/angel-r-cabada-estructura-organica-y-atribuciones\/\">\u00c1ngel R. Cabada<\/a><\/td> <\/tr> <tr style=\"height: 24px;\"> <td style=\"height: 24px;\">&#8211; <a href=\"http:\/\/187.174.252.244\/operadoras\/oficina-operadora\/estructura-organica-y-atribuciones\/coatzintla-estructura-organica-y-atribuciones\/\">Coatzintla<\/a><\/td> <td style=\"height: 24px;\">&#8211; <a href=\"http:\/\/187.174.252.244\/operadoras\/oficina-operadora\/estructura-organica-y-atribuciones\/ciudad-mendoza-estructura-organica-y-atribuciones\/\">Ciudad Mendoza<\/a><\/td> <td style=\"height: 24px;\">&#8211; <a href=\"http:\/\/187.174.252.244\/operadoras\/oficina-operadora\/estructura-organica-y-atribuciones\/carlos-a-carrillo-estructura-organica-y-atribuciones\/\">Carlos A. Carrillo<\/a><\/td> <\/tr> <tr style=\"height: 24px;\"> <td style=\"height: 24px;\">&#8211; <a href=\"http:\/\/187.174.252.244\/operadoras\/oficina-operadora\/estructura-organica-y-atribuciones\/el-higo-estructura-organica-y-atribuciones\/\">El Higo<\/a><\/td> <td style=\"height: 24px;\">&#8211; <a href=\"http:\/\/187.174.252.244\/operadoras\/oficina-operadora\/estructura-organica-y-atribuciones\/cuitlahuac-estructura-organica-y-atribuciones\/\">Cuitl\u00e1huac<\/a><\/td> <td style=\"height: 24px;\">&#8211; <a href=\"http:\/\/187.174.252.244\/operadoras\/oficina-operadora\/estructura-organica-y-atribuciones\/catemaco-estructura-organica-y-atribuciones\/\">Catemaco<\/a><\/td> <\/tr> <tr style=\"height: 24px;\"> <td style=\"height: 24px;\">&#8211; <a href=\"http:\/\/187.174.252.244\/operadoras\/oficina-operadora\/estructura-organica-y-atribuciones\/emilio-carranza-estructura-organica-y-atribuciones\/\">Emilio Carranza<\/a><\/td> <td style=\"height: 24px;\">&#8211; <a href=\"http:\/\/187.174.252.244\/operadoras\/oficina-operadora\/estructura-organica-y-atribuciones\/ixhuatlan-del-cafe-estructura-organica-y-atribuciones\/\">Ixhuatl\u00e1n del Caf\u00e9<\/a><\/td> <td style=\"height: 24px;\">&#8211; <a href=\"http:\/\/187.174.252.244\/operadoras\/oficina-operadora\/estructura-organica-y-atribuciones\/chacaltianguis-estructura-organica-y-atribuciones\/\">Chacaltianguis<\/a><\/td> <\/tr> <tr style=\"height: 24px;\"> <td style=\"height: 24px;\">&#8211; <a href=\"http:\/\/187.174.252.244\/operadoras\/oficina-operadora\/estructura-organica-y-atribuciones\/gutierrez-zamora-estructura-organica-y-atribuciones\/\">Guti\u00e9rrez Zamora<\/a><\/td> <td style=\"height: 24px;\">&#8211; <a href=\"http:\/\/187.174.252.244\/operadoras\/oficina-operadora\/estructura-organica-y-atribuciones\/jalacingo-estructura-organica-y-atribuciones\/\">Jalacingo<\/a><\/td> <td style=\"height: 24px;\">&#8211; <a href=\"http:\/\/187.174.252.244\/operadoras\/oficina-operadora\/estructura-organica-y-atribuciones\/chinameca-estructura-organica-y-atribuciones\/\">Chinameca<\/a><\/td> <\/tr> <tr style=\"height: 24px;\"> <td style=\"height: 24px;\">&#8211; <a href=\"http:\/\/187.174.252.244\/operadoras\/oficina-operadora\/estructura-organica-y-atribuciones\/martinez-de-la-torre-estructura-organica-y-atribuciones\/\">Mart\u00ednez de la Torre<\/a><\/td> <td style=\"height: 24px;\">&#8211; <a href=\"http:\/\/187.174.252.244\/operadoras\/oficina-operadora\/estructura-organica-y-atribuciones\/las-vigas-de-ramirez-estructura-organica-y-atribuciones\/\">Las Vigas de Ram\u00edrez<\/a><\/td> <td style=\"height: 24px;\">&#8211; <a href=\"http:\/\/187.174.252.244\/operadoras\/oficina-operadora\/estructura-organica-y-atribuciones\/ciudad-aleman-estructura-organica-y-atribuciones\/\">Ciudad Alem\u00e1n<\/a><\/td> <\/tr> <tr style=\"height: 24px;\"> <td style=\"height: 24px;\">&#8211; <a href=\"http:\/\/187.174.252.244\/operadoras\/oficina-operadora\/estructura-organica-y-atribuciones\/naranjos-amatlan-estructura-organica-y-atribuciones\/\">Naranjos<\/a><\/td> <td style=\"height: 24px;\">&#8211; <a href=\"http:\/\/187.174.252.244\/operadoras\/oficina-operadora\/estructura-organica-y-atribuciones\/misantla-estructura-organica-y-atribuciones\/\">Misantla<\/a><\/td> <td style=\"height: 24px;\">&#8211; <a href=\"http:\/\/187.174.252.244\/operadoras\/oficina-operadora\/estructura-organica-y-atribuciones\/cuenca-del-papaloapan-estructura-organica-y-atribuciones\/\">Cosamaloapan<\/a><\/td> <\/tr> <tr style=\"height: 24px;\"> <td style=\"height: 24px;\">&#8211; <a href=\"http:\/\/187.174.252.244\/operadoras\/oficina-operadora\/estructura-organica-y-atribuciones\/panuco-estructura-organica-y-atribuciones\/\">P\u00e1nuco<\/a><\/td> <td style=\"height: 24px;\">&#8211; <a href=\"http:\/\/187.174.252.244\/operadoras\/oficina-operadora\/estructura-organica-y-atribuciones\/nogales-estructura-organica-y-atribuciones\/\">Nogales<\/a><\/td> <td style=\"height: 24px;\">&#8211; <a href=\"http:\/\/187.174.252.244\/operadoras\/oficina-operadora\/estructura-organica-y-atribuciones\/ixhuatlan-del-sureste-estructura-organica-y-atribuciones\/\">Ixhuatl\u00e1n del Sureste<\/a><\/td> <\/tr> <tr style=\"height: 24px;\"> <td style=\"height: 24px;\">&#8211; <a href=\"http:\/\/187.174.252.244\/operadoras\/oficina-operadora\/estructura-organica-y-atribuciones\/papantla-estructura-organica-y-atribuciones\/\">Papantla<\/a><\/td> <td style=\"height: 24px;\">&#8211; <a href=\"http:\/\/187.174.252.244\/operadoras\/oficina-operadora\/estructura-organica-y-atribuciones\/paso-del-macho-estructura-organica-y-atribuciones\/\">Paso del Macho<\/a><\/td> <td style=\"height: 24px;\">&#8211; <a href=\"http:\/\/187.174.252.244\/operadoras\/oficina-operadora\/estructura-organica-y-atribuciones\/jesus-carranza-estructura-organica-y-atribuciones\/\">Jes\u00fas Carranza<\/a><\/td> <\/tr> <tr style=\"height: 24px;\"> <td style=\"height: 24px;\">&#8211; <a href=\"http:\/\/187.174.252.244\/operadoras\/oficina-operadora\/estructura-organica-y-atribuciones\/platon-sanchez-estructura-organica-y-atribuciones\/\">Plat\u00f3n S\u00e1nchez<\/a><\/td> <td style=\"height: 24px;\">&#8211; <a href=\"http:\/\/187.174.252.244\/operadoras\/oficina-operadora\/estructura-organica-y-atribuciones\/penuela-estructura-organica-y-atribuciones\/\">Pe\u00f1uela<\/a><\/td> <td style=\"height: 24px;\">&#8211; <a href=\"http:\/\/187.174.252.244\/operadoras\/oficina-operadora\/estructura-organica-y-atribuciones\/jose-azueta-estructura-organica-y-atribuciones\/\">Jos\u00e9 Azueta<\/a><\/td> <\/tr> <tr style=\"height: 24px;\"> <td style=\"height: 24px;\">&#8211; <a href=\"http:\/\/187.174.252.244\/operadoras\/oficina-operadora\/estructura-organica-y-atribuciones\/poza-rica-estructura-organica-y-atribuciones\/\">Poza Rica<\/a><\/td> <td style=\"height: 24px;\">&#8211; <a href=\"http:\/\/187.174.252.244\/operadoras\/oficina-operadora\/estructura-organica-y-atribuciones\/perote-estructura-organica-y-atribuciones\/\">Perote<\/a><\/td> <td style=\"height: 24px;\">&#8211; <a href=\"http:\/\/187.174.252.244\/operadoras\/oficina-operadora\/estructura-organica-y-atribuciones\/juan-diaz-covarrubias-estructura-organica-y-atribuciones\/\">Juan D\u00edaz Covarrubias<\/a><\/td> <\/tr> <tr style=\"height: 24px;\"> <td style=\"height: 24px;\">&#8211; <a href=\"http:\/\/187.174.252.244\/operadoras\/oficina-operadora\/estructura-organica-y-atribuciones\/pueblo-viejo-estructura-organica-y-atribuciones\/\">Pueblo Viejo<\/a><\/td> <td style=\"height: 24px;\">&#8211; <a href=\"http:\/\/187.174.252.244\/operadoras\/oficina-operadora\/estructura-organica-y-atribuciones\/piedras-negras-estructura-organica-y-atribuciones\/\">Piedras Negras<\/a><\/td> <td style=\"height: 24px;\">&#8211; <a href=\"http:\/\/187.174.252.244\/operadoras\/oficina-operadora\/estructura-organica-y-atribuciones\/juan-rodriguez-clara-estructura-organica-y-atribuciones\/\">Juan Rodr\u00edguez Clara<\/a><\/td> <\/tr> <tr style=\"height: 24px;\"> <td style=\"height: 24px;\">&#8211; <a href=\"http:\/\/187.174.252.244\/operadoras\/oficina-operadora\/estructura-organica-y-atribuciones\/tantoyuca-estructura-organica-y-atribuciones\/\">Tantoyuca<\/a><\/td> <td style=\"height: 24px;\">&#8211; <a href=\"http:\/\/187.174.252.244\/operadoras\/oficina-operadora\/estructura-organica-y-atribuciones\/rio-blanco-estructura-organica-y-atribuciones\/\">R\u00edo Blanco<\/a><\/td> <td style=\"height: 24px;\">&#8211; <a href=\"http:\/\/187.174.252.244\/operadoras\/oficina-operadora\/estructura-organica-y-atribuciones\/las-choapas-estructura-organica-y-atribuciones\/\">Las Choapas<\/a><\/td> <\/tr> <tr style=\"height: 24px;\"> <td style=\"height: 24px;\">&#8211; <a href=\"http:\/\/187.174.252.244\/operadoras\/oficina-operadora\/estructura-organica-y-atribuciones\/tempoal-estructura-organica-y-atribuciones\/\">Tempoal<\/a><\/td> <td style=\"height: 24px;\">&#8211; <a href=\"http:\/\/187.174.252.244\/operadoras\/oficina-operadora\/estructura-organica-y-atribuciones\/riviera-veracruzana-estructura-organica-y-atribuciones\/\">Riviera Veracruzana<\/a><\/td> <td style=\"height: 24px;\">&#8211; <a href=\"http:\/\/187.174.252.244\/operadoras\/oficina-operadora\/estructura-organica-y-atribuciones\/nanchital-estructura-organica-y-atribuciones\/\">Nanchital<\/a><\/td> <\/tr> <tr style=\"height: 24px;\"> <td style=\"height: 24px;\">&#8211; <a href=\"http:\/\/187.174.252.244\/operadoras\/oficina-operadora\/estructura-organica-y-atribuciones\/tepetzintla-estructura-organica-y-atribuciones\/\">Tepetzintla<\/a><\/td> <td style=\"height: 24px;\">&#8211; <a href=\"http:\/\/187.174.252.244\/operadoras\/oficina-operadora\/estructura-organica-y-atribuciones\/soledad-de-doblado-estructura-organica-y-atribuciones\/\">Soledad de Doblado<\/a><\/td> <td style=\"height: 24px;\">&#8211; <a href=\"http:\/\/187.174.252.244\/operadoras\/oficina-operadora\/estructura-organica-y-atribuciones\/otatitlan-estructura-organica-y-atribuciones\/\">Otatitl\u00e1n<\/a><\/td> <\/tr> <tr style=\"height: 24px;\"> <td style=\"height: 24px;\">&#8211; <a href=\"http:\/\/187.174.252.244\/operadoras\/oficina-operadora\/estructura-organica-y-atribuciones\/tuxpan-estructura-organica-y-atribuciones\/\">Tuxpan<\/a><\/td> <td style=\"height: 24px;\">&#8211; <a href=\"http:\/\/187.174.252.244\/operadoras\/oficina-operadora\/estructura-organica-y-atribuciones\/tezonapa-estructura-organica-y-atribuciones\/\">Tezonapa<\/a><\/td> <td style=\"height: 24px;\">&#8211; <a href=\"http:\/\/187.174.252.244\/operadoras\/oficina-operadora\/estructura-organica-y-atribuciones\/playa-vicente-estructura-organica-y-atribuciones\/\">Playa Vicente<\/a><\/td> <\/tr> <tr style=\"height: 24px;\"> <td style=\"height: 24px;\">&#8211; <a href=\"http:\/\/187.174.252.244\/operadoras\/oficina-operadora\/estructura-organica-y-atribuciones\/vega-de-alatorre-estructura-organica-y-atribuciones\/\">Vega de Alatorre<\/a><\/td> <td style=\"height: 24px;\">&#8211; <a href=\"http:\/\/187.174.252.244\/operadoras\/oficina-operadora\/estructura-organica-y-atribuciones\/tlaltetela-estructura-organica-y-atribuciones\/\">Tlaltetela<\/a><\/td> <td style=\"height: 24px;\">&#8211; <a href=\"http:\/\/187.174.252.244\/operadoras\/oficina-operadora\/estructura-organica-y-atribuciones\/saltabarranca-estructura-organica-y-atribuciones\/\">Saltabarranca<\/a><\/td> <\/tr> <tr style=\"height: 24px;\"> <td style=\"height: 24px;\"><\/td> <td style=\"height: 24px;\">&#8211; <a href=\"http:\/\/187.174.252.244\/operadoras\/oficina-operadora\/estructura-organica-y-atribuciones\/tlapacoyan-estructura-organica-y-atribuciones\/\">Tlapacoyan<\/a><\/td> <td style=\"height: 24px;\">&#8211; <a href=\"http:\/\/187.174.252.244\/operadoras\/oficina-operadora\/estructura-organica-y-atribuciones\/santiago-tuxtla-estructura-organica-y-atribuciones\/\">Santiago Tuxtla<\/a><\/td> <\/tr> <tr style=\"height: 24px;\"> <td style=\"height: 24px;\"><\/td> <td style=\"height: 24px;\">&#8211; <a href=\"http:\/\/187.174.252.244\/operadoras\/oficina-operadora\/estructura-organica-y-atribuciones\/tomatlan-estructura-organica-y-atribuciones\/\">Tomatl\u00e1n<\/a><\/td> <td style=\"height: 24px;\">&#8211; <a href=\"http:\/\/187.174.252.244\/operadoras\/oficina-operadora\/estructura-organica-y-atribuciones\/sayula-de-aleman-estructura-organica-y-atribuciones\/\">Sayula de Alem\u00e1n<\/a><\/td> <\/tr> <tr style=\"height: 24px;\"> <td style=\"height: 24px;\"><\/td> <td style=\"height: 24px;\">\u00a0&#8211; <a href=\"http:\/\/187.174.252.244\/operadoras\/oficina-operadora\/estructura-organica-y-atribuciones\/xico-estructura-organica-y-atribuciones\/\">Xico<\/a><\/td> <td style=\"height: 24px;\">&#8211; <a href=\"http:\/\/187.174.252.244\/operadoras\/oficina-operadora\/estructura-organica-y-atribuciones\/tlacotalpan-estructura-organica-y-atribuciones\/\">Tlacotalpan<\/a><\/td> <\/tr> <tr style=\"height: 24px;\"> <td style=\"height: 24px;\"><\/td> <td style=\"height: 24px;\">&#8211; <a href=\"http:\/\/187.174.252.244\/operadoras\/oficina-operadora\/estructura-organica-y-atribuciones\/yanga-estructura-organica-y-atribuciones\/\">Yanga<\/a><\/td> <td style=\"height: 24px;\">&#8211; <a href=\"http:\/\/187.174.252.244\/operadoras\/oficina-operadora\/estructura-organica-y-atribuciones\/tres-valles-estructura-organica-y-atribuciones\/\">Tres Valles<\/a><\/td> <\/tr> <tr style=\"height: 24px;\"> <td style=\"height: 24px;\"><\/td> <td style=\"height: 24px;\"><\/td> <td style=\"height: 24px;\"><\/td> <\/tr> <tr style=\"height: 24px;\"> <td style=\"height: 24px;\"><\/td> <td style=\"height: 24px;\"><\/td> <td style=\"height: 24px;\"><\/td> <\/tr> <tr style=\"height: 24px;\"> <td style=\"height: 24px;\"><\/td> <td style=\"height: 24px;\"><\/td> <td style=\"height: 24px;\"><\/td> <\/tr> <tr style=\"height: 24px;\"> <td style=\"height: 24px;\"><\/td> <td style=\"height: 24px;\"><\/td> <td style=\"height: 24px;\"><\/td> <\/tr> <tr style=\"height: 24px;\"> <td style=\"height: 24px;\"><\/td> <td style=\"height: 24px;\"><\/td> <td style=\"height: 24px;\"><\/td> <\/tr> <\/tbody> <\/table> <p>&nbsp;<\/p> <p>&nbsp;<\/p> <p>&nbsp;<\/p> <p>&nbsp;<\/p> <p>&nbsp;<\/p> <p style=\"text-align: center;\"><a href=\"http:\/\/187.174.252.244\/operadoras\/oficina-operadora\/\"><img loading=\"lazy\" decoding=\"async\" class=\"alignnone size-medium\" src=\"http:\/\/187.174.252.244\/caev\/Oficinas_Operadoras\/Aarchivos\/home1.png\" width=\"36\" height=\"37\" \/><\/a> <a href=\"http:\/\/187.174.252.244\/operadoras\/oficina-operadora\/\">regresar<\/a><\/p> <p>&nbsp;<\/p> <p>&nbsp;<\/p> <p>&nbsp;<\/p> <p>&nbsp;<\/p> <p style=\"text-align: center;\"> ","protected":false},"excerpt":{"rendered":"<p>ZONA NORTE ZONA CENTRO ZONA SUR &#8211; \u00c1lamo &#8211; Altotonga &#8211; Acayucan &#8211; Cerro Azul &#8211; Alvarado &#8211; Agua Dulce &#8211; Chicontepec &#8211; Chichicaxtle &#8211; \u00c1ngel R. Cabada &#8211; Coatzintla &#8211; Ciudad Mendoza &#8211; Carlos A. Carrillo &#8211; El Higo &#8211; Cuitl\u00e1huac &#8211; Catemaco &#8211; Emilio Carranza &#8211; Ixhuatl\u00e1n del Caf\u00e9 &#8211; Chacaltianguis &#8211; Guti\u00e9rrez [&hellip;]<\/p>\n","protected":false},"author":1,"featured_media":0,"parent":115,"menu_order":0,"comment_status":"closed","ping_status":"closed","template":"","meta":{"footnotes":""},"class_list":["post-217","page","type-page","status-publish","hentry"],"_links":{"self":[{"href":"http:\/\/187.174.252.244\/operadoras\/wp-json\/wp\/v2\/pages\/217"}],"collection":[{"href":"http:\/\/187.174.252.244\/operadoras\/wp-json\/wp\/v2\/pages"}],"about":[{"href":"http:\/\/187.174.252.244\/operadoras\/wp-json\/wp\/v2\/types\/page"}],"author":[{"embeddable":true,"href":"http:\/\/187.174.252.244\/operadoras\/wp-json\/wp\/v2\/users\/1"}],"replies":[{"embeddable":true,"href":"http:\/\/187.174.252.244\/operadoras\/wp-json\/wp\/v2\/comments?post=217"}],"version-history":[{"count":26,"href":"http:\/\/187.174.252.244\/operadoras\/wp-json\/wp\/v2\/pages\/217\/revisions"}],"predecessor-version":[{"id":66650,"href":"http:\/\/187.174.252.244\/operadoras\/wp-json\/wp\/v2\/pages\/217\/revisions\/66650"}],"up":[{"embeddable":true,"href":"http:\/\/187.174.252.244\/operadoras\/wp-json\/wp\/v2\/pages\/115"}],"wp:attachment":[{"href":"http:\/\/187.174.252.244\/operadoras\/wp-json\/wp\/v2\/media?parent=217"}],"curies":[{"name":"wp","href":"https:\/\/api.w.org\/{rel}","templated":true}]}}