{"id":2355,"date":"2018-02-28T16:19:02","date_gmt":"2018-02-28T22:19:02","guid":{"rendered":"http:\/\/localhost\/?page_id=2355"},"modified":"2024-09-09T10:51:10","modified_gmt":"2024-09-09T16:51:10","slug":"coatzintla-solicitud-de-servicios","status":"publish","type":"page","link":"http:\/\/187.174.252.244\/operadoras\/servicios\/solicitud-de-servicios\/coatzintla-solicitud-de-servicios\/","title":{"rendered":"Coatzintla &#8211; Solicitud de Servicios"},"content":{"rendered":"<p><span style=\"color: #000000;\"><strong>NORMATIVIDAD APLICABLE EN LA SOLICITUD DE SERVICIOS<\/strong><\/span><\/p> <p>&nbsp;<\/p> <p><span style=\"color: #000000;\"><strong>Ley N\u00famero 21 de Aguas del Estado de Veracruz-Llave.<\/strong> Art\u00edculos 3, 15, fracci\u00f3n XVI, 19, fracci\u00f3n III, 24, 30, 33 fracci\u00f3n VI, 34 fracci\u00f3n III, 64, 65, 67, 68, 69, 72, 73, 74, 75, 78, 79, 80, 81, 82, 83, 100, pen\u00faltimo y \u00faltimo p\u00e1rrafo, 105, 121, 124.<\/span><\/p> <p><span style=\"color: #000000;\"><strong>Reglamento de la Ley N\u00famero 21 de Aguas del Estado de Veracruz-Llave, <\/strong>Art\u00edculos 5, 25, 26, 27, 28, 29, 30, 31, 32, 34, 37, 38, 41, 44, 47, 73.<\/span><\/p> <p>&nbsp;<\/p> <p>&nbsp;<\/p> <table width=\"524\"> <tbody> <tr> <td style=\"width: 100px;\"><a href=\"http:\/\/187.174.252.244\/caev\/pdfs\/oficinas_operadoras\/AarchivosGenerales\/2024\/formato-solicitud-servs.pdf\" target=\"_blank\" rel=\"noopener\"><img loading=\"lazy\" decoding=\"async\" class=\"alignnone size-medium aligncenter\" src=\"http:\/\/187.174.252.244\/caev\/Oficinas_Operadoras\/Aarchivos\/folder.png\" width=\"44\" height=\"43\" \/><\/a><\/td> <td><a href=\"http:\/\/187.174.252.244\/caev\/pdfs\/oficinas_operadoras\/AarchivosGenerales\/2024\/formato-solicitud-servs.pdf\" target=\"_blank\" rel=\"noopener\">Solicitud de servicios<\/a><\/td> <\/tr> <\/tbody> <\/table> <p>&nbsp;<\/p> <p>&nbsp;<\/p> <p>&nbsp;<\/p> <p style=\"text-align: center;\"><a href=\"http:\/\/187.174.252.244\/operadoras\/servicios\/solicitud-de-servicios\/\"><img loading=\"lazy\" decoding=\"async\" class=\"alignnone size-medium\" src=\"http:\/\/187.174.252.244\/caev\/Oficinas_Operadoras\/Aarchivos\/home1.png\" width=\"36\" height=\"37\" \/><\/a> <a href=\"http:\/\/187.174.252.244\/operadoras\/servicios\/solicitud-de-servicios\/\">regresar<\/a><\/p> ","protected":false},"excerpt":{"rendered":"<p>NORMATIVIDAD APLICABLE EN LA SOLICITUD DE SERVICIOS &nbsp; Ley N\u00famero 21 de Aguas del Estado de Veracruz-Llave. Art\u00edculos 3, 15, fracci\u00f3n XVI, 19, fracci\u00f3n III, 24, 30, 33 fracci\u00f3n VI, 34 fracci\u00f3n III, 64, 65, 67, 68, 69, 72, 73, 74, 75, 78, 79, 80, 81, 82, 83, 100, pen\u00faltimo y \u00faltimo p\u00e1rrafo, 105, 121, [&hellip;]<\/p>\n","protected":false},"author":1,"featured_media":0,"parent":244,"menu_order":0,"comment_status":"closed","ping_status":"closed","template":"","meta":{"footnotes":""},"class_list":["post-2355","page","type-page","status-publish","hentry"],"_links":{"self":[{"href":"http:\/\/187.174.252.244\/operadoras\/wp-json\/wp\/v2\/pages\/2355"}],"collection":[{"href":"http:\/\/187.174.252.244\/operadoras\/wp-json\/wp\/v2\/pages"}],"about":[{"href":"http:\/\/187.174.252.244\/operadoras\/wp-json\/wp\/v2\/types\/page"}],"author":[{"embeddable":true,"href":"http:\/\/187.174.252.244\/operadoras\/wp-json\/wp\/v2\/users\/1"}],"replies":[{"embeddable":true,"href":"http:\/\/187.174.252.244\/operadoras\/wp-json\/wp\/v2\/comments?post=2355"}],"version-history":[{"count":5,"href":"http:\/\/187.174.252.244\/operadoras\/wp-json\/wp\/v2\/pages\/2355\/revisions"}],"predecessor-version":[{"id":58908,"href":"http:\/\/187.174.252.244\/operadoras\/wp-json\/wp\/v2\/pages\/2355\/revisions\/58908"}],"up":[{"embeddable":true,"href":"http:\/\/187.174.252.244\/operadoras\/wp-json\/wp\/v2\/pages\/244"}],"wp:attachment":[{"href":"http:\/\/187.174.252.244\/operadoras\/wp-json\/wp\/v2\/media?parent=2355"}],"curies":[{"name":"wp","href":"https:\/\/api.w.org\/{rel}","templated":true}]}}