{"id":4236,"date":"2018-05-09T10:18:34","date_gmt":"2018-05-09T16:18:34","guid":{"rendered":"http:\/\/localhost\/?page_id=4236"},"modified":"2026-05-05T11:17:41","modified_gmt":"2026-05-05T17:17:41","slug":"jalacingo-ley-estatal-abrogada","status":"publish","type":"page","link":"http:\/\/187.174.252.244\/operadoras\/transparencia\/ley-estatal-abrogada\/jalacingo-ley-estatal-abrogada\/","title":{"rendered":"Jalacingo &#8211; Ley Estatal (Hist\u00f3rico)"},"content":{"rendered":"<p><strong>INFORMACI\u00d3N P\u00daBLICA SE\u00d1ALADA EN EL ART\u00cdCULO 8 DE LA LEY 848 DE TRANSPARENCIA Y ACCESO A LA INFORMACI\u00d3N P\u00daBLICA PARA EL ESTADO DE VERACRUZ.<\/strong><\/p> <p>&nbsp;<\/p> <p><strong>AVISO DE PRIVACIDAD:<\/strong><\/p> <p>&#8220;Los Datos Personales que obran en los archivos de esta Comisi\u00f3n del Agua del Estado de Veracruz, son protegidos con fundamento en los art\u00edculos 2 fracci\u00f3n IV, 17 y 18 de la Ley 848 de Transparencia de Acceso a la informaci\u00f3n P\u00fablica para el Estado de Veracruz de Ignacio de la Llave; 1, 3, 6 fracci\u00f3n V y VI, 7, 9, 29 y 34 de la Ley 581 para la Tutela de los Datos Personales en el Estado de Veracruz de Ignacio de la Llave, y \u00fanicamente podr\u00e1n ser divulgados para fines estad\u00edsticos, o con las excepciones de la Ley&#8221;.<\/p> <p>&nbsp;<\/p> <p><strong>ART\u00cdCULO 8<\/strong><\/p> <p>1. Los sujetos obligados deber\u00e1n publicar y mantener actualizada la siguiente informaci\u00f3n p\u00fablica de conformidad con los lineamientos que expida el Instituto al inicio de cada a\u00f1o o dentro de los siguientes veinte d\u00edas naturales a que surja alguna modificaci\u00f3n, de acuerdo con sus atribuciones y a disposici\u00f3n de cualquier interesado:<\/p> <p>&nbsp;<\/p> <table width=\"733\"> <tbody> <tr> <td><strong>Fracci\u00f3n II.<\/strong><\/td> <td><a href=\"http:\/\/187.174.252.244\/operadoras\/transparencia\/ley-estatal-abrogada\/jalacingo-ley-estatal-abrogada\/jalacingo-fraccion-ii\/\">Estructura Org\u00e1nica y Atribuciones.<\/a><\/td> <\/tr> <tr> <td><strong>Fracci\u00f3n III.<\/strong><\/td> <td><a href=\"http:\/\/187.174.252.244\/operadoras\/transparencia\/ley-estatal-abrogada\/jalacingo-ley-estatal-abrogada\/jalacingo-fraccion-iii\/\">Directorio de Servidores P\u00fablicos.<\/a><\/td> <\/tr> <tr> <td><strong>Fracci\u00f3n IV.<\/strong><\/td> <td><a href=\"http:\/\/187.174.252.244\/operadoras\/transparencia\/ley-estatal-abrogada\/jalacingo-ley-estatal-abrogada\/jalacingo-fraccion-iv\/\">Sueldos, Salarios y Remuneraciones de los Servidores P\u00fablicos.<\/a><\/td> <\/tr> <tr> <td><strong>Fracci\u00f3n V.<\/strong><\/td> <td><a href=\"http:\/\/187.174.252.244\/operadoras\/transparencia\/ley-estatal-abrogada\/jalacingo-ley-estatal-abrogada\/jalacingo-fraccion-v\/\">Gastos Realizados por los Servidores P\u00fablicos.<\/a><\/td> <\/tr> <tr> <td><strong>Fracci\u00f3n VIII.<\/strong><\/td> <td><a href=\"http:\/\/187.174.252.244\/operadoras\/servicios\/\">Servicios al P\u00fablico.<\/a><\/td> <\/tr> <tr> <td><strong>Fracci\u00f3n IX.<\/strong><\/td> <td><a href=\"http:\/\/187.174.252.244\/operadoras\/transparencia\/ley-estatal-abrogada\/jalacingo-ley-estatal-abrogada\/jalacingo-fraccion-ix\/\">Presupuesto Asignado y su Aplicaci\u00f3n.<\/a><\/td> <\/tr> <tr> <td><strong>Fracci\u00f3n XVI.<\/strong><\/td> <td><a href=\"http:\/\/187.174.252.244\/operadoras\/transparencia\/ley-estatal-abrogada\/jalacingo-ley-estatal-abrogada\/jalacingo-fraccion-xvi\/\">Bienes Inmuebles.<\/a><\/td> <\/tr> <\/tbody> <\/table> <p>&nbsp;<\/p> <p>&nbsp;<\/p> <p>&nbsp;<\/p> <p>&nbsp;<\/p> <p>&nbsp;<\/p> <p style=\"text-align: center;\"><a href=\"http:\/\/187.174.252.244\/operadoras\/transparencia\/ley-estatal-abrogada\/\"><img loading=\"lazy\" decoding=\"async\" class=\"alignnone size-medium\" src=\"http:\/\/187.174.252.244\/caev\/Oficinas_Operadoras\/Aarchivos\/home1.png\" width=\"36\" height=\"37\" \/><\/a> <a href=\"http:\/\/187.174.252.244\/operadoras\/transparencia\/ley-estatal-abrogada\/\">regresar<\/a><\/p> ","protected":false},"excerpt":{"rendered":"<p>INFORMACI\u00d3N P\u00daBLICA SE\u00d1ALADA EN EL ART\u00cdCULO 8 DE LA LEY 848 DE TRANSPARENCIA Y ACCESO A LA INFORMACI\u00d3N P\u00daBLICA PARA EL ESTADO DE VERACRUZ. &nbsp; AVISO DE PRIVACIDAD: &#8220;Los Datos Personales que obran en los archivos de esta Comisi\u00f3n del Agua del Estado de Veracruz, son protegidos con fundamento en los art\u00edculos 2 fracci\u00f3n IV, [&hellip;]<\/p>\n","protected":false},"author":1,"featured_media":0,"parent":315,"menu_order":0,"comment_status":"closed","ping_status":"closed","template":"","meta":{"footnotes":""},"class_list":["post-4236","page","type-page","status-publish","hentry"],"_links":{"self":[{"href":"http:\/\/187.174.252.244\/operadoras\/wp-json\/wp\/v2\/pages\/4236"}],"collection":[{"href":"http:\/\/187.174.252.244\/operadoras\/wp-json\/wp\/v2\/pages"}],"about":[{"href":"http:\/\/187.174.252.244\/operadoras\/wp-json\/wp\/v2\/types\/page"}],"author":[{"embeddable":true,"href":"http:\/\/187.174.252.244\/operadoras\/wp-json\/wp\/v2\/users\/1"}],"replies":[{"embeddable":true,"href":"http:\/\/187.174.252.244\/operadoras\/wp-json\/wp\/v2\/comments?post=4236"}],"version-history":[{"count":9,"href":"http:\/\/187.174.252.244\/operadoras\/wp-json\/wp\/v2\/pages\/4236\/revisions"}],"predecessor-version":[{"id":67508,"href":"http:\/\/187.174.252.244\/operadoras\/wp-json\/wp\/v2\/pages\/4236\/revisions\/67508"}],"up":[{"embeddable":true,"href":"http:\/\/187.174.252.244\/operadoras\/wp-json\/wp\/v2\/pages\/315"}],"wp:attachment":[{"href":"http:\/\/187.174.252.244\/operadoras\/wp-json\/wp\/v2\/media?parent=4236"}],"curies":[{"name":"wp","href":"https:\/\/api.w.org\/{rel}","templated":true}]}}