{"id":5181,"date":"2018-05-16T12:38:00","date_gmt":"2018-05-16T18:38:00","guid":{"rendered":"http:\/\/localhost\/?page_id=5181"},"modified":"2018-05-17T08:49:58","modified_gmt":"2018-05-17T14:49:58","slug":"ixhuatlan-del-cafe-fraccion-iv","status":"publish","type":"page","link":"http:\/\/187.174.252.244\/operadoras\/transparencia\/ley-estatal-abrogada\/ixhuatlan-del-cafe-ley-estatal-abrogada\/ixhuatlan-del-cafe-fraccion-iv\/","title":{"rendered":"Ixhuatl\u00e1n del Caf\u00e9 &#8211; Fracci\u00f3n IV."},"content":{"rendered":"<p><strong>SUELDOS, SALARIOS Y REMUNERACIONES DE LOS SERVIDORES P\u00daBLICOS<br \/> <\/strong><\/p> <p>&nbsp;<\/p> <table width=\"518\"> <tbody> <tr> <td><\/td> <td><strong>Ejercicio 2015<\/strong><\/td> <\/tr> <tr> <td><a href=\"http:\/\/187.174.252.244\/caev\/pdfs\/oficinas_operadoras\/IxhuatlanCafe\/Sueldos%20y%20salarios%202015.pdf\" target=\"_blank\" rel=\"noopener\"><img loading=\"lazy\" decoding=\"async\" class=\"size-medium aligncenter\" src=\"http:\/\/187.174.252.244\/caev\/Oficinas_Operadoras\/Aarchivos\/folder.png\" width=\"44\" height=\"43\" \/><\/a><\/td> <td><a href=\"http:\/\/187.174.252.244\/caev\/pdfs\/oficinas_operadoras\/IxhuatlanCafe\/Sueldos%20y%20salarios%202015.pdf\" target=\"_blank\" rel=\"noopener\">Sueldos, salarios y remuneraciones de los servidores p\u00fablicos<\/a><\/td> <\/tr> <tr> <td><\/td> <td><\/td> <\/tr> <tr> <td><\/td> <td><strong>Ejercicio 2014<\/strong><\/td> <\/tr> <tr> <td><a href=\"http:\/\/187.174.252.244\/caev\/pdfs\/oficinas_operadoras\/IxhuatlanCafe\/Sueldos%20y%20salarios%202014.pdf\" target=\"_blank\" rel=\"noopener\"><img loading=\"lazy\" decoding=\"async\" class=\"size-medium aligncenter\" src=\"http:\/\/187.174.252.244\/caev\/Oficinas_Operadoras\/Aarchivos\/folder.png\" width=\"44\" height=\"43\" \/><\/a><\/td> <td><a href=\"http:\/\/187.174.252.244\/caev\/pdfs\/oficinas_operadoras\/IxhuatlanCafe\/Sueldos%20y%20salarios%202014.pdf\" target=\"_blank\" rel=\"noopener\">Sueldos, salarios y remuneraciones de los servidores p\u00fablicos<\/a><\/td> <\/tr> <\/tbody> <\/table> <p>&nbsp;<\/p> <p>&nbsp;<\/p> <p>&nbsp;<\/p> <p>&nbsp;<\/p> <p>&nbsp;<\/p> <p style=\"text-align: center;\">\u00a0<a href=\"http:\/\/187.174.252.244\/operadoras\/transparencia\/ley-estatal-abrogada\/ixhuatlan-del-cafe-ley-estatal-abrogada\/\"><img loading=\"lazy\" decoding=\"async\" class=\"alignnone size-medium\" src=\"http:\/\/187.174.252.244\/caev\/Oficinas_Operadoras\/Aarchivos\/home1.png\" width=\"36\" height=\"37\" \/><\/a> <a href=\"http:\/\/187.174.252.244\/operadoras\/transparencia\/ley-estatal-abrogada\/ixhuatlan-del-cafe-ley-estatal-abrogada\/\">regresar<\/a><\/p> ","protected":false},"excerpt":{"rendered":"<p>SUELDOS, SALARIOS Y REMUNERACIONES DE LOS SERVIDORES P\u00daBLICOS &nbsp; Ejercicio 2015 Sueldos, salarios y remuneraciones de los servidores p\u00fablicos Ejercicio 2014 Sueldos, salarios y remuneraciones de los servidores p\u00fablicos &nbsp; &nbsp; &nbsp; &nbsp; &nbsp; \u00a0 regresar<\/p>\n","protected":false},"author":1,"featured_media":0,"parent":4235,"menu_order":0,"comment_status":"closed","ping_status":"closed","template":"","meta":{"footnotes":""},"class_list":["post-5181","page","type-page","status-publish","hentry"],"_links":{"self":[{"href":"http:\/\/187.174.252.244\/operadoras\/wp-json\/wp\/v2\/pages\/5181"}],"collection":[{"href":"http:\/\/187.174.252.244\/operadoras\/wp-json\/wp\/v2\/pages"}],"about":[{"href":"http:\/\/187.174.252.244\/operadoras\/wp-json\/wp\/v2\/types\/page"}],"author":[{"embeddable":true,"href":"http:\/\/187.174.252.244\/operadoras\/wp-json\/wp\/v2\/users\/1"}],"replies":[{"embeddable":true,"href":"http:\/\/187.174.252.244\/operadoras\/wp-json\/wp\/v2\/comments?post=5181"}],"version-history":[{"count":4,"href":"http:\/\/187.174.252.244\/operadoras\/wp-json\/wp\/v2\/pages\/5181\/revisions"}],"predecessor-version":[{"id":5385,"href":"http:\/\/187.174.252.244\/operadoras\/wp-json\/wp\/v2\/pages\/5181\/revisions\/5385"}],"up":[{"embeddable":true,"href":"http:\/\/187.174.252.244\/operadoras\/wp-json\/wp\/v2\/pages\/4235"}],"wp:attachment":[{"href":"http:\/\/187.174.252.244\/operadoras\/wp-json\/wp\/v2\/media?parent=5181"}],"curies":[{"name":"wp","href":"https:\/\/api.w.org\/{rel}","templated":true}]}}