{"id":7872,"date":"2018-06-05T15:30:23","date_gmt":"2018-06-05T21:30:23","guid":{"rendered":"http:\/\/localhost\/?page_id=7872"},"modified":"2026-05-12T12:31:12","modified_gmt":"2026-05-12T18:31:12","slug":"soledad-de-doblado-fraccion-ii-a","status":"publish","type":"page","link":"http:\/\/187.174.252.244\/operadoras\/transparencia\/ley-general-y-ley-875\/soledad-de-doblado-ley-general-y-ley-875-de-transparencia\/soledad-de-doblado-fraccion-ii-a\/","title":{"rendered":"Soledad de Doblado &#8211; Fracci\u00f3n II-A"},"content":{"rendered":"<p><strong>ESTRUCTURA ORG\u00c1NICA<\/strong><\/p> <p>&nbsp;<\/p> <p>La estructura org\u00e1nica.<\/p> <p>&nbsp;<\/p> <div class=\"caja\"> <table width=\"636\"> <tbody> <tr> <td style=\"width: 140px;\"><strong><img loading=\"lazy\" decoding=\"async\" class=\"alignnone aligncenter\" src=\"http:\/\/187.174.252.244\/caev\/Image\/2018\/fecha3-ico.png\" alt=\"\" width=\"46\" height=\"50\" \/><\/strong><\/td> <td style=\"width: 140px;\"> <h4>Ejercicio:<\/h4> <\/td> <td style=\"width: 140px;\" colspan=\"3\"> <p>&nbsp;<\/p> <p>2026<\/td> <\/tr> <\/tbody> <\/table> <p>&nbsp;<\/p> <table style=\"width: 701px; height: 260px;\" width=\"700\"> <tbody> <tr style=\"height: 57px;\"> <td style=\"width: 105px; height: 57px;\"><img loading=\"lazy\" decoding=\"async\" class=\"aligncenter\" src=\"http:\/\/187.174.252.244\/caev\/Image\/2018\/trimestre-ico.png\" alt=\"\" width=\"53\" height=\"60\" \/><\/td> <td style=\"width: 215px; height: 57px;\"><img loading=\"lazy\" decoding=\"async\" class=\"aligncenter\" src=\"http:\/\/187.174.252.244\/caev\/Image\/2018\/usuario-ico.png\" alt=\"\" width=\"56\" height=\"60\" \/><\/td> <td style=\"width: 113px; height: 57px;\"><img loading=\"lazy\" decoding=\"async\" class=\"aligncenter\" src=\"http:\/\/187.174.252.244\/caev\/Image\/2018\/anio-ico.png\" alt=\"\" width=\"59\" height=\"60\" \/><\/td> <td style=\"width: 122px; height: 57px;\"><img loading=\"lazy\" decoding=\"async\" class=\"aligncenter\" src=\"http:\/\/187.174.252.244\/caev\/Image\/2018\/anio-ico.png\" alt=\"\" width=\"59\" height=\"60\" \/><\/td> <td style=\"width: 116px; height: 57px;\"><img loading=\"lazy\" decoding=\"async\" class=\"aligncenter\" src=\"http:\/\/187.174.252.244\/caev\/Image\/2018\/cloud-ico.png\" alt=\"\" width=\"57\" height=\"60\" \/><\/td> <\/tr> <tr style=\"height: 94px;\"> <td style=\"text-align: center; width: 105px; height: 94px;\"><span style=\"color: #000000;\"><strong>Trimestre<\/strong><em><br \/> <\/em><\/span><\/td> <td style=\"text-align: center; width: 215px; height: 94px;\"><span style=\"color: #000000;\"><strong>\u00c1rea Responsable<\/strong><\/span><\/td> <td style=\"text-align: center; width: 113px; height: 94px;\"><span style=\"color: #000000;\"><strong>Fecha de Validaci\u00f3n de la Informaci\u00f3n<\/strong><\/span><\/td> <td style=\"text-align: center; width: 122px; height: 94px;\"><span style=\"color: #000000;\"><strong>Fecha de Actualizaci\u00f3n de la Inf.<\/strong><\/span><\/td> <td style=\"text-align: center; width: 116px; height: 94px;\"><span style=\"color: #000000;\"><strong>Descargar Informaci\u00f3n<\/strong><\/span><\/td> <\/tr> <tr style=\"height: 22px;\"> <td style=\"width: 105px; height: 22px;\"><\/td> <td style=\"width: 215px; height: 22px;\"><\/td> <td style=\"width: 113px; height: 22px;\"><\/td> <td style=\"width: 122px; height: 22px;\"><\/td> <td style=\"width: 116px; height: 22px;\"><\/td> <\/tr> <tr style=\"height: 48px;\"> <td style=\"width: 105px; text-align: center; height: 48px;\">Primero<\/td> <td style=\"width: 215px; text-align: center; height: 48px;\"><span style=\"color: #000000;\">Oficina Comercial y Administrativa<\/span><\/td> <td style=\"width: 113px; text-align: center; height: 48px;\"><span style=\"color: #000000;\">31\/03\/2026<\/span><\/td> <td style=\"width: 122px; text-align: center; height: 48px;\"><span style=\"color: #000000;\">31\/03\/2026<\/span><\/td> <td style=\"width: 116px; text-align: center; height: 48px;\"><a href=\"http:\/\/187.174.252.244\/caev\/pdfs\/oficinas_operadoras\/SoledadDoblado\/2026\/35-FORM2A-26-1.xlsx\">descargar archivo<\/a><\/td> <\/tr> <tr style=\"height: 48px;\"> <td style=\"width: 105px; text-align: center; height: 48px;\"><\/td> <td style=\"width: 215px; text-align: center; height: 48px;\"><\/td> <td style=\"width: 113px; text-align: center; height: 48px;\"><\/td> <td style=\"width: 122px; text-align: center; height: 48px;\"><\/td> <td style=\"width: 116px; text-align: center; height: 48px;\"><\/td> <\/tr> <tr style=\"height: 48px;\"> <td style=\"width: 105px; text-align: center; height: 48px;\"><\/td> <td style=\"width: 215px; text-align: center; height: 48px;\"><\/td> <td style=\"width: 113px; text-align: center; height: 48px;\"><\/td> <td style=\"width: 122px; text-align: center; height: 48px;\"><\/td> <td style=\"width: 116px; text-align: center; height: 48px;\"><\/td> <\/tr> <tr style=\"height: 48px;\"> <td style=\"width: 105px; text-align: center; height: 48px;\"><\/td> <td style=\"width: 215px; text-align: center; height: 48px;\"><\/td> <td style=\"width: 113px; text-align: center; height: 48px;\"><\/td> <td style=\"width: 122px; text-align: center; height: 48px;\"><\/td> <td style=\"width: 116px; text-align: center; height: 48px;\"><\/td> <\/tr> <tr style=\"height: 22px;\"> <td style=\"text-align: center; width: 105px; height: 22px;\"><\/td> <td style=\"text-align: center; width: 215px; height: 22px;\"><\/td> <td style=\"text-align: center; width: 113px; height: 22px;\"><\/td> <td style=\"text-align: center; width: 122px; height: 22px;\"><\/td> <td style=\"text-align: center; width: 116px; height: 22px;\"><\/td> <\/tr> <\/tbody> <\/table> <\/div> <h4><\/h4> <h4>A\u00d1OS ANTERIORES<\/h4> <table width=\"520\"> <tbody> <tr> <td style=\"width: 100px;\"><a href=\"http:\/\/187.174.252.244\/operadoras\/transparencia\/ley-general-y-ley-875\/soledad-de-doblado-ley-general-y-ley-875-de-transparencia\/soledad-de-doblado-fraccion-ii-a-1\/\"><img loading=\"lazy\" decoding=\"async\" class=\"aligncenter\" src=\"http:\/\/187.174.252.244\/caev\/Image\/2018\/folder-ico.jpg\" alt=\"\" width=\"51\" height=\"44\" \/><\/a><\/td> <td><\/td> <\/tr> <\/tbody> <\/table> <p style=\"text-align: center;\"><a href=\"http:\/\/187.174.252.244\/operadoras\/transparencia\/ley-general-y-ley-875\/soledad-de-doblado-ley-general-y-ley-875-de-transparencia\/\"><img loading=\"lazy\" decoding=\"async\" class=\"alignnone size-medium\" src=\"http:\/\/187.174.252.244\/caev\/Oficinas_Operadoras\/Aarchivos\/home1.png\" width=\"36\" height=\"37\" \/><\/a> <a href=\"http:\/\/187.174.252.244\/operadoras\/transparencia\/ley-general-y-ley-875\/soledad-de-doblado-ley-general-y-ley-875-de-transparencia\/\">regresar<\/a><\/p> ","protected":false},"excerpt":{"rendered":"<p>ESTRUCTURA ORG\u00c1NICA &nbsp; La estructura org\u00e1nica. &nbsp; Ejercicio: &nbsp; 2026 &nbsp; Trimestre \u00c1rea Responsable Fecha de Validaci\u00f3n de la Informaci\u00f3n Fecha de Actualizaci\u00f3n de la Inf. Descargar Informaci\u00f3n Primero Oficina Comercial y Administrativa 31\/03\/2026 31\/03\/2026 descargar archivo A\u00d1OS ANTERIORES regresar<\/p>\n","protected":false},"author":1,"featured_media":0,"parent":6768,"menu_order":0,"comment_status":"closed","ping_status":"closed","template":"","meta":{"footnotes":""},"class_list":["post-7872","page","type-page","status-publish","hentry"],"_links":{"self":[{"href":"http:\/\/187.174.252.244\/operadoras\/wp-json\/wp\/v2\/pages\/7872"}],"collection":[{"href":"http:\/\/187.174.252.244\/operadoras\/wp-json\/wp\/v2\/pages"}],"about":[{"href":"http:\/\/187.174.252.244\/operadoras\/wp-json\/wp\/v2\/types\/page"}],"author":[{"embeddable":true,"href":"http:\/\/187.174.252.244\/operadoras\/wp-json\/wp\/v2\/users\/1"}],"replies":[{"embeddable":true,"href":"http:\/\/187.174.252.244\/operadoras\/wp-json\/wp\/v2\/comments?post=7872"}],"version-history":[{"count":33,"href":"http:\/\/187.174.252.244\/operadoras\/wp-json\/wp\/v2\/pages\/7872\/revisions"}],"predecessor-version":[{"id":68065,"href":"http:\/\/187.174.252.244\/operadoras\/wp-json\/wp\/v2\/pages\/7872\/revisions\/68065"}],"up":[{"embeddable":true,"href":"http:\/\/187.174.252.244\/operadoras\/wp-json\/wp\/v2\/pages\/6768"}],"wp:attachment":[{"href":"http:\/\/187.174.252.244\/operadoras\/wp-json\/wp\/v2\/media?parent=7872"}],"curies":[{"name":"wp","href":"https:\/\/api.w.org\/{rel}","templated":true}]}}